
What are the prime factors of 1677?
3, 13, 43
What are the prime factors of 44823?
3, 67, 223
What are the prime factors of 82381?
13, 6337
List the prime factors of 440.
2, 5, 11
What are the prime factors of 2958?
2, 3, 17, 29
What are the prime factors of 3407?
3407
What are the prime factors of 5214?
2, 3, 11, 79
List the prime factors of 2176.
2, 17
List the prime factors of 760.
2, 5, 19
List the prime factors of 148973.
11, 29, 467
What are the prime factors of 1148?
2, 7, 41
What are the prime factors of 695?
5, 139
What are the prime factors of 22016?
2, 43
What are the prime factors of 569?
569
What are the prime factors of 6363?
3, 7, 101
What are the prime factors of 38272?
2, 13, 23
List the prime factors of 13336.
2, 1667
What are the prime factors of 236?
2, 59
What are the prime factors of 9657?
3, 29, 37
List the prime factors of 102195.
3, 5, 757
What are the prime factors of 37216?
2, 1163
List the prime factors of 385.
5, 7, 11
List the prime factors of 100207.
100207
What are the prime factors of 5471?
5471
List the prime factors of 5706.
2, 3, 317
List the prime factors of 6430.
2, 5, 643
What are the prime factors of 36470?
2, 5, 7, 521
List the prime factors of 370.
2, 5, 37
List the prime factors of 73814.
2, 13, 17, 167
What are the prime factors of 121410?
2, 3, 5, 19, 71
List the prime factors of 7467.
3, 19, 131
List the prime factors of 15857.
101, 157
List the prime factors of 71291.
11, 6481
What are the prime factors of 74685?
3, 5, 13, 383
List the prime factors of 105564.
2, 3, 19, 463
List the prime factors of 5544.
2, 3, 7, 11
What are the prime factors of 3117?
3, 1039
List the prime factors of 1782.
2, 3, 11
List the prime factors of 17279.
37, 467
What are the prime factors of 400?
2, 5
List the prime factors of 3985.
5, 797
What are the prime factors of 736?
2, 23
What are the prime factors of 2777?
2777
What are the prime factors of 18797?
18797
List the prime factors of 1480.
2, 5, 37
What are the prime factors of 834?
2, 3, 139
What are the prime factors of 848?
2, 53
List the prime factors of 118885.
5, 13, 31, 59
What are the prime factors of 1345?
5, 269
List the prime factors of 688.
2, 43
List the prime factors of 7695.
3, 5, 19
What are the prime factors of 23434?
2, 11717
What are the prime factors of 37343?
107, 349
What are the prime factors of 595?
5, 7, 17
List the prime factors of 5045.
5, 1009
List the prime factors of 93011.
281, 331
What are the prime factors of 10605?
3, 5, 7, 101
List the prime factors of 60088.
2, 7, 29, 37
List the prime factors of 7460.
2, 5, 373
What are the prime factors of 793?
13, 61
What are the prime factors of 4123?
7, 19, 31
List the prime factors of 1537.
29, 53
List the prime factors of 29062.
2, 11, 1321
What are the prime factors of 9683?
23, 421
What are the prime factors of 680?
2, 5, 17
List the prime factors of 123903.
3, 13, 353
List the prime factors of 490.
2, 5, 7
List the prime factors of 13349.
7, 1907
List the prime factors of 2472.
2, 3, 103
List the prime factors of 3945.
3, 5, 263
List the prime factors of 70809.
3, 23603
What are the prime factors of 11962?
2, 5981
List the prime factors of 21844.
2, 43, 127
What are the prime factors of 16649?
16649
What are the prime factors of 1027?
13, 79
List the prime factors of 2978.
2, 1489
List the prime factors of 13949.
13, 29, 37
List the prime factors of 1797.
3, 599
List the prime factors of 8016.
2, 3, 167
List the prime factors of 9198.
2, 3, 7, 73
List the prime factors of 97862.
2, 167, 293
What are the prime factors of 1403?
23, 61
List the prime factors of 20625.
3, 5, 11
List the prime factors of 43880.
2, 5, 1097
What are the prime factors of 13107?
3, 17, 257
What are the prime factors of 72736?
2, 2273
List the prime factors of 2210.
2, 5, 13, 17
List the prime factors of 2164.
2, 541
What are the prime factors of 586?
2, 293
List the prime factors of 35371.
7, 31, 163
List the prime factors of 49936.
2, 3121
What are the prime factors of 8730?
2, 3, 5, 97
List the prime factors of 50933.
31, 53
List the prime factors of 38546.
2, 19273
List the prime factors of 1058.
2, 23
What are the prime factors of 4752?
2, 3, 11
List the prime factors of 10749.
3, 3583
What are the prime factors of 11997?
3, 31, 43
What are the prime factors of 2253?
3, 751
What are the prime factors of 94266?
2, 3, 5237
What are the prime factors of 7857?
3, 97
What are the prime factors of 17940?
2, 3, 5, 13, 23
List the prime factors of 377.
13, 29
List the prime factors of 52201.
52201
What are the prime factors of 47843?
47843
List the prime factors of 482.
2, 241
What are the prime factors of 8140?
2, 5, 11, 37
List the prime factors of 1909.
23, 83
What are the prime factors of 5725?
5, 229
What are the prime factors of 1341?
3, 149
What are the prime factors of 19245?
3, 5, 1283
What are the prime factors of 23232?
2, 3, 11
List the prime factors of 77261.
77261
What are the prime factors of 886?
2, 443
What are the prime factors of 6624?
2, 3, 23
List the prime factors of 8084.
2, 43, 47
List the prime factors of 87278.
2, 17, 151
List the prime factors of 49642.
2, 24821
What are the prime factors of 31473?
3, 13, 269
List the prime factors of 9569.
7, 1367
What are the prime factors of 9533?
9533
List the prime factors of 3908.
2, 977
List the prime factors of 6930.
2, 3, 5, 7, 11
What are the prime factors of 2469?
3, 823
What are the prime factors of 10341?
3, 383
List the prime factors of 61758.
2, 3, 47, 73
What are the prime factors of 3264?
2, 3, 17
What are the prime factors of 8434?
2, 4217
What are the prime factors of 6336?
2, 3, 11
List the prime factors of 2650.
2, 5, 53
What are the prime factors of 3446?
2, 1723
List the prime factors of 4638.
2, 3, 773
What are the prime factors of 3784?
2, 11, 43
What are the prime factors of 20182?
2, 10091
What are the prime factors of 49674?
2, 3, 17, 487
List the prime factors of 32322.
2, 3, 5387
What are the prime factors of 107?
107
What are the prime factors of 565?
5, 113
List the prime factors of 84182.
2, 7, 859
List the prime factors of 424.
2, 53
List the prime factors of 574.
2, 7, 41
List the prime factors of 3008.
2, 47
What are the prime factors of 1784?
2, 223
List the prime factors of 20462.
2, 13, 787
What are the prime factors of 93641?
29, 3229
List the prime factors of 28255.
5, 5651
List the prime factors of 64368.
2, 3, 149
What are the prime factors of 853?
853
What are the prime factors of 23371?
23371
What are the prime factors of 46010?
2, 5, 43, 107
What are the prime factors of 2991?
3, 997
What are the prime factors of 1139?
17, 67
What are the prime factors of 9554?
2, 17, 281
What are the prime factors of 14901?
3, 4967
What are the prime factors of 31653?
3, 3517
List the prime factors of 1733.
1733
What are the prime factors of 7757?
7757
List the prime factors of 29602.
2, 19, 41
What are the prime factors of 367?
367
What are the prime factors of 43907?
23, 83
What are the prime factors of 1841?
7, 263
List the prime factors of 13598.
2, 13, 523
List the prime factors of 2266.
2, 11, 103
List the prime factors of 23072.
2, 7, 103
What are the prime factors of 1075?
5, 43
List the prime factors of 761.
761
List the prime factors of 14128.
2, 883
List the prime factors of 247.
13, 19
What are the prime factors of 1433?
1433
List the prime factors of 1744.
2, 109
List the prime factors of 9343.
9343
List the prime factors of 647.
647
What are the prime factors of 63534?
2, 3, 10589
What are the prime factors of 758?
2, 379
What are the prime factors of 28985?
5, 11, 17, 31
What are the prime factors of 302?
2, 151
List the prime factors of 5123.
47, 109
List the prime factors of 17415.
3, 5, 43
List the prime factors of 3979.
23, 173
What are the prime factors of 24976?
2, 7, 223
List the prime factors of 47380.
2, 5, 23, 103
What are the prime factors of 16884?
2, 3, 7, 67
What are the prime factors of 18810?
2, 3, 5, 11, 19
List the prime factors of 596.
2, 149
List the prime factors of 8484.
2, 3, 7, 101
List the prime factors of 5472.
2, 3, 19
List the prime factors of 2507.
23, 109
What are the prime factors of 1864?
2, 233
List the prime factors of 77163.
3, 17, 89
List the prime factors of 1275.
3, 5,